{"id":743,"date":"2022-09-16T09:01:39","date_gmt":"2022-09-16T12:01:39","guid":{"rendered":"https:\/\/blog.neocert.com.br\/?page_id=743"},"modified":"2023-03-16T10:54:54","modified_gmt":"2023-03-16T13:54:54","slug":"outras-noticias-2","status":"publish","type":"page","link":"https:\/\/blog.neocert.com.br\/?page_id=743","title":{"rendered":"Outras Not\u00edcias"},"content":{"rendered":"\t\t<div data-elementor-type=\"wp-page\" data-elementor-id=\"743\" class=\"elementor elementor-743\" data-elementor-settings=\"{&quot;ha_cmc_init_switcher&quot;:&quot;no&quot;}\" data-elementor-post-type=\"page\">\n\t\t\t\t\t\t<section class=\"elementor-section elementor-top-section elementor-element elementor-element-0fcfeae elementor-section-boxed elementor-section-height-default elementor-section-height-default\" data-id=\"0fcfeae\" data-element_type=\"section\" data-e-type=\"section\" data-settings=\"{&quot;_ha_eqh_enable&quot;:false}\">\n\t\t\t\t\t\t<div class=\"elementor-container elementor-column-gap-default\">\n\t\t\t\t\t<div class=\"elementor-column elementor-col-100 elementor-top-column elementor-element elementor-element-652210b\" data-id=\"652210b\" data-element_type=\"column\" data-e-type=\"column\">\n\t\t\t<div class=\"elementor-widget-wrap elementor-element-populated\">\n\t\t\t\t\t\t<div class=\"elementor-element elementor-element-095f920 elementor-widget elementor-widget-heading\" data-id=\"095f920\" data-element_type=\"widget\" data-e-type=\"widget\" data-widget_type=\"heading.default\">\n\t\t\t\t<div class=\"elementor-widget-container\">\n\t\t\t\t\t<h2 class=\"elementor-heading-title elementor-size-default\">Outras not\u00edcias<\/h2>\t\t\t\t<\/div>\n\t\t\t\t<\/div>\n\t\t\t\t<div class=\"elementor-element elementor-element-dba4f5b elementor-widget-divider--view-line elementor-widget elementor-widget-divider\" data-id=\"dba4f5b\" data-element_type=\"widget\" data-e-type=\"widget\" data-widget_type=\"divider.default\">\n\t\t\t\t<div class=\"elementor-widget-container\">\n\t\t\t\t\t\t\t<div class=\"elementor-divider\">\n\t\t\t<span class=\"elementor-divider-separator\">\n\t\t\t\t\t\t<\/span>\n\t\t<\/div>\n\t\t\t\t\t\t<\/div>\n\t\t\t\t<\/div>\n\t\t\t\t\t<\/div>\n\t\t<\/div>\n\t\t\t\t\t<\/div>\n\t\t<\/section>\n\t\t\t\t<section class=\"elementor-section elementor-top-section elementor-element elementor-element-28a4468 elementor-section-boxed elementor-section-height-default elementor-section-height-default\" data-id=\"28a4468\" data-element_type=\"section\" data-e-type=\"section\" data-settings=\"{&quot;_ha_eqh_enable&quot;:false}\">\n\t\t\t\t\t\t<div class=\"elementor-container elementor-column-gap-default\">\n\t\t\t\t\t<div class=\"elementor-column elementor-col-100 elementor-top-column elementor-element elementor-element-e391e5c\" data-id=\"e391e5c\" data-element_type=\"column\" data-e-type=\"column\">\n\t\t\t<div class=\"elementor-widget-wrap elementor-element-populated\">\n\t\t\t\t\t\t<div class=\"elementor-element elementor-element-0195232 elementor-grid-eael-col-3 elementor-grid-tablet-eael-col-2 elementor-grid-mobile-eael-col-1 elementor-widget elementor-widget-eael-post-grid\" data-id=\"0195232\" data-element_type=\"widget\" data-e-type=\"widget\" data-settings=\"{&quot;eael_post_grid_columns&quot;:&quot;eael-col-3&quot;,&quot;eael_post_grid_columns_tablet&quot;:&quot;eael-col-2&quot;,&quot;eael_post_grid_columns_mobile&quot;:&quot;eael-col-1&quot;}\" data-widget_type=\"eael-post-grid.default\">\n\t\t\t\t<div class=\"elementor-widget-container\">\n\t\t\t\t\t<div id=\"eael-post-grid-0195232\" class=\"eael-post-grid-container\">\n            <div class=\"eael-post-grid eael-post-appender eael-post-appender-0195232 eael-post-grid-style-one\" data-layout-mode=\"grid\"><article class=\"eael-grid-post  eael-post-grid-column eael-pg-post-898 category-destaque-outras-noticias\" data-id=\"898\">\n        <div class=\"eael-grid-post-holder\">\n            <div class=\"eael-grid-post-holder-inner\"><div class=\"eael-entry-media\"><div class=\"eael-entry-overlay fade-in\"><i class=\"fas fa-chevron-right\" aria-hidden=\"true\"><\/i><a href=\"https:\/\/blog.neocert.com.br\/?p=898\"><\/a><\/div><div class=\"eael-entry-thumbnail \">\n                <img fetchpriority=\"high\" decoding=\"async\" width=\"1000\" height=\"667\" src=\"https:\/\/blog.neocert.com.br\/wp-content\/uploads\/2026\/01\/foto-blog-0002.webp\" class=\"attachment-full size-full wp-image-899\" alt=\"\" srcset=\"https:\/\/blog.neocert.com.br\/wp-content\/uploads\/2026\/01\/foto-blog-0002.webp 1000w, https:\/\/blog.neocert.com.br\/wp-content\/uploads\/2026\/01\/foto-blog-0002-300x200.webp 300w, https:\/\/blog.neocert.com.br\/wp-content\/uploads\/2026\/01\/foto-blog-0002-768x512.webp 768w\" sizes=\"(max-width: 1000px) 100vw, 1000px\" \/>\n            <\/div>\n        <\/div><div class=\"eael-entry-wrapper\"><header class=\"eael-entry-header\"><h2 class=\"eael-entry-title\"><a class=\"eael-grid-post-link\" href=\"https:\/\/blog.neocert.com.br\/?p=898\" title=\"Solu\u00e7\u00f5es Neocert para Clima e Natureza: duas trilhas para fortalecer governan\u00e7a, reporte e valor\">Solu\u00e7\u00f5es Neocert para Clima e Natureza: duas trilhas para fortalecer governan\u00e7a, reporte e valor<\/a><\/h2><\/header><div class=\"eael-entry-header-after\"><div class=\"eael-entry-meta\"><\/div><\/div><div class=\"eael-entry-content\">\n                        <div class=\"eael-grid-post-excerpt\"><a href=\"https:\/\/blog.neocert.com.br\/?p=898\" class=\"eael-post-elements-readmore-btn\">LEIA MAIS<\/a><\/div>\n                    <\/div><\/div><\/div>\n        <\/div>\n    <\/article><article class=\"eael-grid-post  eael-post-grid-column eael-pg-post-887 category-destaque-outras-noticias\" data-id=\"887\">\n        <div class=\"eael-grid-post-holder\">\n            <div class=\"eael-grid-post-holder-inner\"><div class=\"eael-entry-media\"><div class=\"eael-entry-overlay fade-in\"><i class=\"fas fa-chevron-right\" aria-hidden=\"true\"><\/i><a href=\"https:\/\/blog.neocert.com.br\/?p=887\"><\/a><\/div><div class=\"eael-entry-thumbnail \">\n                <img decoding=\"async\" width=\"1200\" height=\"675\" src=\"https:\/\/blog.neocert.com.br\/wp-content\/uploads\/2025\/11\/imagem-artigo-1.webp\" class=\"attachment-full size-full wp-image-889\" alt=\"\" srcset=\"https:\/\/blog.neocert.com.br\/wp-content\/uploads\/2025\/11\/imagem-artigo-1.webp 1200w, https:\/\/blog.neocert.com.br\/wp-content\/uploads\/2025\/11\/imagem-artigo-1-300x169.webp 300w, https:\/\/blog.neocert.com.br\/wp-content\/uploads\/2025\/11\/imagem-artigo-1-1024x576.webp 1024w, https:\/\/blog.neocert.com.br\/wp-content\/uploads\/2025\/11\/imagem-artigo-1-768x432.webp 768w\" sizes=\"(max-width: 1200px) 100vw, 1200px\" \/>\n            <\/div>\n        <\/div><div class=\"eael-entry-wrapper\"><header class=\"eael-entry-header\"><h2 class=\"eael-entry-title\"><a class=\"eael-grid-post-link\" href=\"https:\/\/blog.neocert.com.br\/?p=887\" title=\"Brasil, Natureza e Valor: o potencial bilion\u00e1rio que ainda estamos deixando escapar\">Brasil, Natureza e Valor: o potencial bilion\u00e1rio que ainda estamos deixando escapar<\/a><\/h2><\/header><div class=\"eael-entry-header-after\"><div class=\"eael-entry-meta\"><\/div><\/div><div class=\"eael-entry-content\">\n                        <div class=\"eael-grid-post-excerpt\"><a href=\"https:\/\/blog.neocert.com.br\/?p=887\" class=\"eael-post-elements-readmore-btn\">LEIA MAIS<\/a><\/div>\n                    <\/div><\/div><\/div>\n        <\/div>\n    <\/article><article class=\"eael-grid-post  eael-post-grid-column eael-pg-post-879 category-destaque\" data-id=\"879\">\n        <div class=\"eael-grid-post-holder\">\n            <div class=\"eael-grid-post-holder-inner\"><div class=\"eael-entry-media\"><div class=\"eael-entry-overlay fade-in\"><i class=\"fas fa-chevron-right\" aria-hidden=\"true\"><\/i><a href=\"https:\/\/blog.neocert.com.br\/?p=879\"><\/a><\/div><div class=\"eael-entry-thumbnail \">\n                <img decoding=\"async\" width=\"1024\" height=\"1024\" src=\"https:\/\/blog.neocert.com.br\/wp-content\/uploads\/2025\/10\/mao-segurando-globo-ecossistema.png\" class=\"attachment-full size-full wp-image-881\" alt=\"\" srcset=\"https:\/\/blog.neocert.com.br\/wp-content\/uploads\/2025\/10\/mao-segurando-globo-ecossistema.png 1024w, https:\/\/blog.neocert.com.br\/wp-content\/uploads\/2025\/10\/mao-segurando-globo-ecossistema-300x300.png 300w, https:\/\/blog.neocert.com.br\/wp-content\/uploads\/2025\/10\/mao-segurando-globo-ecossistema-150x150.png 150w, https:\/\/blog.neocert.com.br\/wp-content\/uploads\/2025\/10\/mao-segurando-globo-ecossistema-768x768.png 768w\" sizes=\"(max-width: 1024px) 100vw, 1024px\" \/>\n            <\/div>\n        <\/div><div class=\"eael-entry-wrapper\"><header class=\"eael-entry-header\"><h2 class=\"eael-entry-title\"><a class=\"eael-grid-post-link\" href=\"https:\/\/blog.neocert.com.br\/?p=879\" title=\"TNFD: o ponto da biodiversidade que as empresas precisam conhecer\">TNFD: o ponto da biodiversidade que as empresas precisam conhecer<\/a><\/h2><\/header><div class=\"eael-entry-header-after\"><div class=\"eael-entry-meta\"><\/div><\/div><div class=\"eael-entry-content\">\n                        <div class=\"eael-grid-post-excerpt\"><a href=\"https:\/\/blog.neocert.com.br\/?p=879\" class=\"eael-post-elements-readmore-btn\">LEIA MAIS<\/a><\/div>\n                    <\/div><\/div><\/div>\n        <\/div>\n    <\/article><article class=\"eael-grid-post  eael-post-grid-column eael-pg-post-873 category-destaque-outras-noticias\" data-id=\"873\">\n        <div class=\"eael-grid-post-holder\">\n            <div class=\"eael-grid-post-holder-inner\"><div class=\"eael-entry-media\"><div class=\"eael-entry-overlay fade-in\"><i class=\"fas fa-chevron-right\" aria-hidden=\"true\"><\/i><a href=\"https:\/\/blog.neocert.com.br\/?p=873\"><\/a><\/div><div class=\"eael-entry-thumbnail \">\n                <img loading=\"lazy\" decoding=\"async\" width=\"1000\" height=\"674\" src=\"https:\/\/blog.neocert.com.br\/wp-content\/uploads\/2025\/06\/5645463.webp\" class=\"attachment-full size-full wp-image-874\" alt=\"\" srcset=\"https:\/\/blog.neocert.com.br\/wp-content\/uploads\/2025\/06\/5645463.webp 1000w, https:\/\/blog.neocert.com.br\/wp-content\/uploads\/2025\/06\/5645463-300x202.webp 300w, https:\/\/blog.neocert.com.br\/wp-content\/uploads\/2025\/06\/5645463-768x518.webp 768w\" sizes=\"(max-width: 1000px) 100vw, 1000px\" \/>\n            <\/div>\n        <\/div><div class=\"eael-entry-wrapper\"><header class=\"eael-entry-header\"><h2 class=\"eael-entry-title\"><a class=\"eael-grid-post-link\" href=\"https:\/\/blog.neocert.com.br\/?p=873\" title=\"Atualiza\u00e7\u00e3o t\u00e9cnica \u2013 Regras tempor\u00e1rias para \u00e1reas com Paisagens Florestais Intactas (IFL)\">Atualiza\u00e7\u00e3o t\u00e9cnica \u2013 Regras tempor\u00e1rias para \u00e1reas com Paisagens Florestais Intactas (IFL)<\/a><\/h2><\/header><div class=\"eael-entry-header-after\"><div class=\"eael-entry-meta\"><\/div><\/div><div class=\"eael-entry-content\">\n                        <div class=\"eael-grid-post-excerpt\"><a href=\"https:\/\/blog.neocert.com.br\/?p=873\" class=\"eael-post-elements-readmore-btn\">LEIA MAIS<\/a><\/div>\n                    <\/div><\/div><\/div>\n        <\/div>\n    <\/article><article class=\"eael-grid-post  eael-post-grid-column eael-pg-post-850 category-destaque-outras-noticias\" data-id=\"850\">\n        <div class=\"eael-grid-post-holder\">\n            <div class=\"eael-grid-post-holder-inner\"><div class=\"eael-entry-media\"><div class=\"eael-entry-overlay fade-in\"><i class=\"fas fa-chevron-right\" aria-hidden=\"true\"><\/i><a href=\"https:\/\/blog.neocert.com.br\/?p=850\"><\/a><\/div><div class=\"eael-entry-thumbnail \">\n                <img loading=\"lazy\" decoding=\"async\" width=\"890\" height=\"600\" src=\"https:\/\/blog.neocert.com.br\/wp-content\/uploads\/2023\/11\/MF-Aprimorado2-e1699364969714.jpg\" class=\"attachment-full size-full wp-image-854\" alt=\"\" srcset=\"https:\/\/blog.neocert.com.br\/wp-content\/uploads\/2023\/11\/MF-Aprimorado2-e1699364969714.jpg 890w, https:\/\/blog.neocert.com.br\/wp-content\/uploads\/2023\/11\/MF-Aprimorado2-e1699364969714-300x202.jpg 300w, https:\/\/blog.neocert.com.br\/wp-content\/uploads\/2023\/11\/MF-Aprimorado2-e1699364969714-768x518.jpg 768w\" sizes=\"(max-width: 890px) 100vw, 890px\" \/>\n            <\/div>\n        <\/div><div class=\"eael-entry-wrapper\"><header class=\"eael-entry-header\"><h2 class=\"eael-entry-title\"><a class=\"eael-grid-post-link\" href=\"https:\/\/blog.neocert.com.br\/?p=850\" title=\"Manejo Florestal Aprimorado (IFM &#8211; Improved Forest Management)\">Manejo Florestal Aprimorado (IFM &#8211; Improved Forest Management)<\/a><\/h2><\/header><div class=\"eael-entry-header-after\"><div class=\"eael-entry-meta\"><\/div><\/div><div class=\"eael-entry-content\">\n                        <div class=\"eael-grid-post-excerpt\"><a href=\"https:\/\/blog.neocert.com.br\/?p=850\" class=\"eael-post-elements-readmore-btn\">LEIA MAIS<\/a><\/div>\n                    <\/div><\/div><\/div>\n        <\/div>\n    <\/article><article class=\"eael-grid-post  eael-post-grid-column eael-pg-post-846 category-outras-noticias\" data-id=\"846\">\n        <div class=\"eael-grid-post-holder\">\n            <div class=\"eael-grid-post-holder-inner\"><div class=\"eael-entry-media\"><div class=\"eael-entry-overlay fade-in\"><i class=\"fas fa-chevron-right\" aria-hidden=\"true\"><\/i><a href=\"https:\/\/blog.neocert.com.br\/?p=846\"><\/a><\/div><div class=\"eael-entry-thumbnail \">\n                <img loading=\"lazy\" decoding=\"async\" width=\"981\" height=\"735\" src=\"https:\/\/blog.neocert.com.br\/wp-content\/uploads\/2023\/08\/floresta.jpg\" class=\"attachment-full size-full wp-image-847\" alt=\"\" srcset=\"https:\/\/blog.neocert.com.br\/wp-content\/uploads\/2023\/08\/floresta.jpg 981w, https:\/\/blog.neocert.com.br\/wp-content\/uploads\/2023\/08\/floresta-300x225.jpg 300w, https:\/\/blog.neocert.com.br\/wp-content\/uploads\/2023\/08\/floresta-768x575.jpg 768w\" sizes=\"(max-width: 981px) 100vw, 981px\" \/>\n            <\/div>\n        <\/div><div class=\"eael-entry-wrapper\"><header class=\"eael-entry-header\"><h2 class=\"eael-entry-title\"><a class=\"eael-grid-post-link\" href=\"https:\/\/blog.neocert.com.br\/?p=846\" title=\"Manejo Florestal \u00e9 REDD+ \u201cna veia\u201d!\">Manejo Florestal \u00e9 REDD+ \u201cna veia\u201d!<\/a><\/h2><\/header><div class=\"eael-entry-header-after\"><div class=\"eael-entry-meta\"><\/div><\/div><div class=\"eael-entry-content\">\n                        <div class=\"eael-grid-post-excerpt\"><a href=\"https:\/\/blog.neocert.com.br\/?p=846\" class=\"eael-post-elements-readmore-btn\">LEIA MAIS<\/a><\/div>\n                    <\/div><\/div><\/div>\n        <\/div>\n    <\/article><article class=\"eael-grid-post  eael-post-grid-column eael-pg-post-803 category-outras-noticias\" data-id=\"803\">\n        <div class=\"eael-grid-post-holder\">\n            <div class=\"eael-grid-post-holder-inner\"><div class=\"eael-entry-media\"><div class=\"eael-entry-overlay fade-in\"><i class=\"fas fa-chevron-right\" aria-hidden=\"true\"><\/i><a href=\"https:\/\/blog.neocert.com.br\/?p=803\"><\/a><\/div><div class=\"eael-entry-thumbnail \">\n                <img loading=\"lazy\" decoding=\"async\" width=\"981\" height=\"735\" src=\"https:\/\/blog.neocert.com.br\/wp-content\/uploads\/2023\/03\/emissao-carbono2.jpg\" class=\"attachment-full size-full wp-image-806\" alt=\"\" srcset=\"https:\/\/blog.neocert.com.br\/wp-content\/uploads\/2023\/03\/emissao-carbono2.jpg 981w, https:\/\/blog.neocert.com.br\/wp-content\/uploads\/2023\/03\/emissao-carbono2-300x225.jpg 300w, https:\/\/blog.neocert.com.br\/wp-content\/uploads\/2023\/03\/emissao-carbono2-768x575.jpg 768w\" sizes=\"(max-width: 981px) 100vw, 981px\" \/>\n            <\/div>\n        <\/div><div class=\"eael-entry-wrapper\"><header class=\"eael-entry-header\"><h2 class=\"eael-entry-title\"><a class=\"eael-grid-post-link\" href=\"https:\/\/blog.neocert.com.br\/?p=803\" title=\"Gest\u00e3o da Pegada de Carbono do setor privado viabiliza diversos benef\u00edcios al\u00e9m da mitiga\u00e7\u00e3o das mudan\u00e7as clim\u00e1ticas\">Gest\u00e3o da Pegada de Carbono do setor privado viabiliza diversos benef\u00edcios al\u00e9m da mitiga\u00e7\u00e3o das mudan\u00e7as clim\u00e1ticas<\/a><\/h2><\/header><div class=\"eael-entry-header-after\"><div class=\"eael-entry-meta\"><\/div><\/div><div class=\"eael-entry-content\">\n                        <div class=\"eael-grid-post-excerpt\"><a href=\"https:\/\/blog.neocert.com.br\/?p=803\" class=\"eael-post-elements-readmore-btn\">LEIA MAIS<\/a><\/div>\n                    <\/div><\/div><\/div>\n        <\/div>\n    <\/article><article class=\"eael-grid-post  eael-post-grid-column eael-pg-post-754 category-outras-noticias\" data-id=\"754\">\n        <div class=\"eael-grid-post-holder\">\n            <div class=\"eael-grid-post-holder-inner\"><div class=\"eael-entry-media\"><div class=\"eael-entry-overlay fade-in\"><i class=\"fas fa-chevron-right\" aria-hidden=\"true\"><\/i><a href=\"https:\/\/blog.neocert.com.br\/?p=754\"><\/a><\/div><div class=\"eael-entry-thumbnail \">\n                <img loading=\"lazy\" decoding=\"async\" width=\"1080\" height=\"693\" src=\"https:\/\/blog.neocert.com.br\/wp-content\/uploads\/2023\/02\/pequaria.jpeg\" class=\"attachment-full size-full wp-image-755\" alt=\"\" srcset=\"https:\/\/blog.neocert.com.br\/wp-content\/uploads\/2023\/02\/pequaria.jpeg 1080w, https:\/\/blog.neocert.com.br\/wp-content\/uploads\/2023\/02\/pequaria-300x193.jpeg 300w, https:\/\/blog.neocert.com.br\/wp-content\/uploads\/2023\/02\/pequaria-1024x657.jpeg 1024w, https:\/\/blog.neocert.com.br\/wp-content\/uploads\/2023\/02\/pequaria-768x493.jpeg 768w\" sizes=\"(max-width: 1080px) 100vw, 1080px\" \/>\n            <\/div>\n        <\/div><div class=\"eael-entry-wrapper\"><header class=\"eael-entry-header\"><h2 class=\"eael-entry-title\"><a class=\"eael-grid-post-link\" href=\"https:\/\/blog.neocert.com.br\/?p=754\" title=\"ESG na agropecu\u00e1ria\">ESG na agropecu\u00e1ria<\/a><\/h2><\/header><div class=\"eael-entry-header-after\"><div class=\"eael-entry-meta\"><\/div><\/div><div class=\"eael-entry-content\">\n                        <div class=\"eael-grid-post-excerpt\"><a href=\"https:\/\/blog.neocert.com.br\/?p=754\" class=\"eael-post-elements-readmore-btn\">LEIA MAIS<\/a><\/div>\n                    <\/div><\/div><\/div>\n        <\/div>\n    <\/article><article class=\"eael-grid-post  eael-post-grid-column eael-pg-post-706 category-outras-noticias\" data-id=\"706\">\n        <div class=\"eael-grid-post-holder\">\n            <div class=\"eael-grid-post-holder-inner\"><div class=\"eael-entry-media\"><div class=\"eael-entry-overlay fade-in\"><i class=\"fas fa-chevron-right\" aria-hidden=\"true\"><\/i><a href=\"https:\/\/blog.neocert.com.br\/?p=706\"><\/a><\/div><div class=\"eael-entry-thumbnail \">\n                <img loading=\"lazy\" decoding=\"async\" width=\"1280\" height=\"960\" src=\"https:\/\/blog.neocert.com.br\/wp-content\/uploads\/2022\/09\/blog-neo-fto-001.jpeg\" class=\"attachment-full size-full wp-image-707\" alt=\"\" srcset=\"https:\/\/blog.neocert.com.br\/wp-content\/uploads\/2022\/09\/blog-neo-fto-001.jpeg 1280w, https:\/\/blog.neocert.com.br\/wp-content\/uploads\/2022\/09\/blog-neo-fto-001-300x225.jpeg 300w, https:\/\/blog.neocert.com.br\/wp-content\/uploads\/2022\/09\/blog-neo-fto-001-1024x768.jpeg 1024w, https:\/\/blog.neocert.com.br\/wp-content\/uploads\/2022\/09\/blog-neo-fto-001-768x576.jpeg 768w\" sizes=\"(max-width: 1280px) 100vw, 1280px\" \/>\n            <\/div>\n        <\/div><div class=\"eael-entry-wrapper\"><header class=\"eael-entry-header\"><h2 class=\"eael-entry-title\"><a class=\"eael-grid-post-link\" href=\"https:\/\/blog.neocert.com.br\/?p=706\" title=\"AFI na Regi\u00e3o Amaz\u00f4nica\">AFI na Regi\u00e3o Amaz\u00f4nica<\/a><\/h2><\/header><div class=\"eael-entry-header-after\"><div class=\"eael-entry-meta\"><\/div><\/div><div class=\"eael-entry-content\">\n                        <div class=\"eael-grid-post-excerpt\"><a href=\"https:\/\/blog.neocert.com.br\/?p=706\" class=\"eael-post-elements-readmore-btn\">LEIA MAIS<\/a><\/div>\n                    <\/div><\/div><\/div>\n        <\/div>\n    <\/article><\/div>\n            <div class=\"clearfix\"><\/div>\n        <\/div>            <div class=\"eael-load-more-button-wrap eael-force-hide\">\n                <button class=\"eael-load-more-button\" id=\"eael-load-more-btn-0195232\" data-widget-id=\"0195232\" data-widget=\"0195232\" data-page-id=\"743\" data-template=\"{&quot;dir&quot;:&quot;lite&quot;,&quot;file_name&quot;:&quot;one.php&quot;,&quot;name&quot;:&quot;Post-Grid&quot;}\" data-class=\"Essential_Addons_Elementor\\Elements\\Post_Grid\" data-layout=\"grid\" data-page=\"1\" data-args=\"orderby=date&amp;order=desc&amp;ignore_sticky_posts=1&amp;post_status=publish&amp;posts_per_page=9&amp;offset=0&amp;post_type=post&amp;tax_query%5B0%5D%5Btaxonomy%5D=category&amp;tax_query%5B0%5D%5Bfield%5D=term_id&amp;tax_query%5B0%5D%5Bterms%5D%5B0%5D=6&amp;tax_query%5B0%5D%5Bterms%5D%5B1%5D=5&amp;tax_query%5Brelation%5D=AND\" data-max-page=\"2\">\n                    <span class=\"eael-btn-loader button__loader\"><\/span>\n                    <span class=\"eael_load_more_text\"><\/span>\n                <\/button>\n            <\/div>\n            \t\t\t\t<\/div>\n\t\t\t\t<\/div>\n\t\t\t\t\t<\/div>\n\t\t<\/div>\n\t\t\t\t\t<\/div>\n\t\t<\/section>\n\t\t\t\t<\/div>\n\t\t","protected":false},"excerpt":{"rendered":"<p>Outras not\u00edcias Gest\u00e3o da Pegada de Carbono do setor privado viabiliza diversos benef\u00edcios al\u00e9m da mitiga\u00e7\u00e3o das mudan\u00e7as clim\u00e1ticas LEIA MAIS ESG na agropecu\u00e1ria LEIA MAIS AFI na Regi\u00e3o Amaz\u00f4nica LEIA MAIS O solo e a terceira revolu\u00e7\u00e3o agr\u00edcola LEIA MAIS Fique por dentro do HDOM SUMMIT 2021 LEIA MAIS NR31 e sua contribui\u00e7\u00e3o na [&hellip;]<\/p>\n","protected":false},"author":1,"featured_media":0,"parent":0,"menu_order":0,"comment_status":"closed","ping_status":"closed","template":"","meta":{"footnotes":""},"class_list":["post-743","page","type-page","status-publish","hentry"],"_links":{"self":[{"href":"https:\/\/blog.neocert.com.br\/index.php?rest_route=\/wp\/v2\/pages\/743","targetHints":{"allow":["GET"]}}],"collection":[{"href":"https:\/\/blog.neocert.com.br\/index.php?rest_route=\/wp\/v2\/pages"}],"about":[{"href":"https:\/\/blog.neocert.com.br\/index.php?rest_route=\/wp\/v2\/types\/page"}],"author":[{"embeddable":true,"href":"https:\/\/blog.neocert.com.br\/index.php?rest_route=\/wp\/v2\/users\/1"}],"replies":[{"embeddable":true,"href":"https:\/\/blog.neocert.com.br\/index.php?rest_route=%2Fwp%2Fv2%2Fcomments&post=743"}],"version-history":[{"count":5,"href":"https:\/\/blog.neocert.com.br\/index.php?rest_route=\/wp\/v2\/pages\/743\/revisions"}],"predecessor-version":[{"id":837,"href":"https:\/\/blog.neocert.com.br\/index.php?rest_route=\/wp\/v2\/pages\/743\/revisions\/837"}],"wp:attachment":[{"href":"https:\/\/blog.neocert.com.br\/index.php?rest_route=%2Fwp%2Fv2%2Fmedia&parent=743"}],"curies":[{"name":"wp","href":"https:\/\/api.w.org\/{rel}","templated":true}]}}